{"id":18,"date":"2020-07-01T12:33:01","date_gmt":"2020-07-01T16:33:01","guid":{"rendered":"http:\/\/santateresadelosandes.org\/?page_id=18"},"modified":"2021-10-13T08:32:37","modified_gmt":"2021-10-13T12:32:37","slug":"cartas","status":"publish","type":"page","link":"https:\/\/santateresadelosandes.org\/index.php\/cartas\/","title":{"rendered":"Cartas"},"content":{"rendered":"\t\t<div data-elementor-type=\"wp-page\" data-elementor-id=\"18\" class=\"elementor elementor-18\" data-elementor-settings=\"[]\">\n\t\t\t\t\t\t<div class=\"elementor-inner\">\n\t\t\t\t\t\t\t<div class=\"elementor-section-wrap\">\n\t\t\t\t\t\t\t<section class=\"elementor-section elementor-top-section elementor-element elementor-element-83a4219 elementor-section-boxed elementor-section-height-default elementor-section-height-default\" data-id=\"83a4219\" data-element_type=\"section\">\n\t\t\t\t\t\t<div class=\"elementor-container elementor-column-gap-default\">\n\t\t\t\t\t\t\t<div class=\"elementor-row\">\n\t\t\t\t\t<div class=\"elementor-column elementor-col-100 elementor-top-column elementor-element elementor-element-2908178\" data-id=\"2908178\" data-element_type=\"column\">\n\t\t\t<div class=\"elementor-column-wrap elementor-element-populated\">\n\t\t\t\t\t\t\t<div class=\"elementor-widget-wrap\">\n\t\t\t\t\t\t<section class=\"elementor-section elementor-inner-section elementor-element elementor-element-35141a4 elementor-section-boxed elementor-section-height-default elementor-section-height-default\" data-id=\"35141a4\" data-element_type=\"section\">\n\t\t\t\t\t\t<div class=\"elementor-container elementor-column-gap-default\">\n\t\t\t\t\t\t\t<div class=\"elementor-row\">\n\t\t\t\t\t<div class=\"elementor-column elementor-col-100 elementor-inner-column elementor-element elementor-element-c2b41a9\" data-id=\"c2b41a9\" data-element_type=\"column\">\n\t\t\t<div class=\"elementor-column-wrap elementor-element-populated\">\n\t\t\t\t\t\t\t<div class=\"elementor-widget-wrap\">\n\t\t\t\t\t\t<div class=\"elementor-element elementor-element-e5176cf elementor-widget elementor-widget-text-editor\" data-id=\"e5176cf\" data-element_type=\"widget\" data-widget_type=\"text-editor.default\">\n\t\t\t\t<div class=\"elementor-widget-container\">\n\t\t\t\t\t\t\t\t<div class=\"elementor-text-editor elementor-clearfix\">\n\t\t\t\t<p>Cartas de Santa Teresa de los Andes a diversos destinatarios, ordenadas por fecha.<\/p>\t\t\t\t\t<\/div>\n\t\t\t\t\t\t<\/div>\n\t\t\t\t<\/div>\n\t\t\t\t<div class=\"elementor-element elementor-element-705c7c6 elementor-posts--thumbnail-none elementor-grid-3 elementor-grid-tablet-2 elementor-grid-mobile-1 elementor-card-shadow-yes elementor-posts__hover-gradient elementor-widget elementor-widget-posts\" data-id=\"705c7c6\" data-element_type=\"widget\" data-settings=\"{&quot;cards_row_gap&quot;:{&quot;unit&quot;:&quot;px&quot;,&quot;size&quot;:20,&quot;sizes&quot;:[]},&quot;pagination_type&quot;:&quot;numbers_and_prev_next&quot;,&quot;cards_columns&quot;:&quot;3&quot;,&quot;cards_columns_tablet&quot;:&quot;2&quot;,&quot;cards_columns_mobile&quot;:&quot;1&quot;}\" data-widget_type=\"posts.cards\">\n\t\t\t\t<div class=\"elementor-widget-container\">\n\t\t\t\t\t<div class=\"elementor-posts-container elementor-posts elementor-posts--skin-cards elementor-grid\">\n\t\t\t\t<article class=\"elementor-post elementor-grid-item post-134 post type-post status-publish format-standard has-post-thumbnail hentry category-cartas category-hasta-1916\">\n\t\t\t<div class=\"elementor-post__card\">\n\t\t\t\t<div class=\"elementor-post__text\">\n\t\t\t\t<h3 class=\"elementor-post__title\">\n\t\t\t<a href=\"https:\/\/santateresadelosandes.org\/index.php\/2020\/07\/01\/01-a-sus-padres-10-de-septiembre-1910\/\" >\n\t\t\t\t01. A sus padres. 10 de septiembre 1910\t\t\t<\/a>\n\t\t<\/h3>\n\t\t\t\t<div class=\"elementor-post__excerpt\">\n\t\t\t<p>Santiago, 10 de septiembre Se\u00f1or Miguel Fern\u00e1ndez y Se\u00f1ora Padres muy amados: Gracias por todas las bondades que he recibido de Uds., y por haberme<\/p>\n\t\t<\/div>\n\t\t\t\t\t<a class=\"elementor-post__read-more\" href=\"https:\/\/santateresadelosandes.org\/index.php\/2020\/07\/01\/01-a-sus-padres-10-de-septiembre-1910\/\" >\n\t\t\t\tSeguir leyendo \u00bb\t\t\t<\/a>\n\t\t\t\t<\/div>\n\t\t\t\t\t<\/div>\n\t\t<\/article>\n\t\t\t\t<article class=\"elementor-post elementor-grid-item post-136 post type-post status-publish format-standard has-post-thumbnail hentry category-cartas category-hasta-1916\">\n\t\t\t<div class=\"elementor-post__card\">\n\t\t\t\t<div class=\"elementor-post__text\">\n\t\t\t\t<h3 class=\"elementor-post__title\">\n\t\t\t<a href=\"https:\/\/santateresadelosandes.org\/index.php\/2020\/07\/01\/02-a-su-padre-15-de-enero-de-1913\/\" >\n\t\t\t\t02. A su padre 15 de enero de 1913\t\t\t<\/a>\n\t\t<\/h3>\n\t\t\t\t<div class=\"elementor-post__excerpt\">\n\t\t\t<p>Recreo, 15 de enero de 1913 Se\u00f1or Miguel Fern\u00e1ndez Jara Querido papacito: No he querido dejar pasar m\u00e1s tiempo sin escribirle, pues me acuerdo mucho<\/p>\n\t\t<\/div>\n\t\t\t\t\t<a class=\"elementor-post__read-more\" href=\"https:\/\/santateresadelosandes.org\/index.php\/2020\/07\/01\/02-a-su-padre-15-de-enero-de-1913\/\" >\n\t\t\t\tSeguir leyendo \u00bb\t\t\t<\/a>\n\t\t\t\t<\/div>\n\t\t\t\t\t<\/div>\n\t\t<\/article>\n\t\t\t\t<article class=\"elementor-post elementor-grid-item post-138 post type-post status-publish format-standard has-post-thumbnail hentry category-cartas category-hasta-1916\">\n\t\t\t<div class=\"elementor-post__card\">\n\t\t\t\t<div class=\"elementor-post__text\">\n\t\t\t\t<h3 class=\"elementor-post__title\">\n\t\t\t<a href=\"https:\/\/santateresadelosandes.org\/index.php\/2020\/07\/01\/03-deseos-de-comulgar-el-colegio-4-de-febrero-1915\/\" >\n\t\t\t\t03. Deseos de comulgar. El colegio. 4 de febrero 1915\t\t\t<\/a>\n\t\t<\/h3>\n\t\t\t\t<div class=\"elementor-post__excerpt\">\n\t\t\t<p>Chacabuco, 4 de febrero 1915 Se\u00f1orita Herminia Vald\u00e9s Ossa Querida Gordita: No sabes qu\u00e9 gusto tuve al recibir tu cari\u00f1osa cartita. Yo estoy bien y<\/p>\n\t\t<\/div>\n\t\t\t\t\t<a class=\"elementor-post__read-more\" href=\"https:\/\/santateresadelosandes.org\/index.php\/2020\/07\/01\/03-deseos-de-comulgar-el-colegio-4-de-febrero-1915\/\" >\n\t\t\t\tSeguir leyendo \u00bb\t\t\t<\/a>\n\t\t\t\t<\/div>\n\t\t\t\t\t<\/div>\n\t\t<\/article>\n\t\t\t\t<article class=\"elementor-post elementor-grid-item post-140 post type-post status-publish format-standard has-post-thumbnail hentry category-cartas category-hasta-1916\">\n\t\t\t<div class=\"elementor-post__card\">\n\t\t\t\t<div class=\"elementor-post__text\">\n\t\t\t\t<h3 class=\"elementor-post__title\">\n\t\t\t<a href=\"https:\/\/santateresadelosandes.org\/index.php\/2020\/07\/01\/04-a-herminia-valdes-ossa-8-de-febrero-1916\/\" >\n\t\t\t\t04. A Herminia Vald\u00e9s Ossa 8 de febrero 1916\t\t\t<\/a>\n\t\t<\/h3>\n\t\t\t\t<div class=\"elementor-post__excerpt\">\n\t\t\t<p>Mi querida Gordita: Parece que ni te acuerdas que existe una amiga que te quiere y no te olvida. Pero yo me he resuelto a<\/p>\n\t\t<\/div>\n\t\t\t\t\t<a class=\"elementor-post__read-more\" href=\"https:\/\/santateresadelosandes.org\/index.php\/2020\/07\/01\/04-a-herminia-valdes-ossa-8-de-febrero-1916\/\" >\n\t\t\t\tSeguir leyendo \u00bb\t\t\t<\/a>\n\t\t\t\t<\/div>\n\t\t\t\t\t<\/div>\n\t\t<\/article>\n\t\t\t\t<article class=\"elementor-post elementor-grid-item post-142 post type-post status-publish format-standard has-post-thumbnail hentry category-ano-1916-cartas category-cartas\">\n\t\t\t<div class=\"elementor-post__card\">\n\t\t\t\t<div class=\"elementor-post__text\">\n\t\t\t\t<h3 class=\"elementor-post__title\">\n\t\t\t<a href=\"https:\/\/santateresadelosandes.org\/index.php\/2020\/07\/01\/05-a-su-hermana-rebeca-15-de-abril-del-1916\/\" >\n\t\t\t\t05. A su hermana Rebeca 15 de abril del 1916\t\t\t<\/a>\n\t\t<\/h3>\n\t\t\t\t<div class=\"elementor-post__excerpt\">\n\t\t\t<p>15 de abril de 1916.&nbsp; Querida Rebeca: aprovecho un instante del estudio para poderte dar mil felicidades en el d\u00eda de tu cumplea\u00f1os, pues un<\/p>\n\t\t<\/div>\n\t\t\t\t\t<a class=\"elementor-post__read-more\" href=\"https:\/\/santateresadelosandes.org\/index.php\/2020\/07\/01\/05-a-su-hermana-rebeca-15-de-abril-del-1916\/\" >\n\t\t\t\tSeguir leyendo \u00bb\t\t\t<\/a>\n\t\t\t\t<\/div>\n\t\t\t\t\t<\/div>\n\t\t<\/article>\n\t\t\t\t<article class=\"elementor-post elementor-grid-item post-144 post type-post status-publish format-standard has-post-thumbnail hentry category-ano-1916-cartas category-cartas\">\n\t\t\t<div class=\"elementor-post__card\">\n\t\t\t\t<div class=\"elementor-post__text\">\n\t\t\t\t<h3 class=\"elementor-post__title\">\n\t\t\t<a href=\"https:\/\/santateresadelosandes.org\/index.php\/2020\/07\/01\/06-a-carmen-de-castro-ortuzar-3-de-marzo-de-1916\/\" >\n\t\t\t\t06. A Carmen de Castro Ort\u00fazar 3 de marzo de 1916\t\t\t<\/a>\n\t\t<\/h3>\n\t\t\t\t<div class=\"elementor-post__excerpt\">\n\t\t\t<p>Se\u00f1orita Carmen De Castro Ort\u00fazar&nbsp; Mi encantadora Carmenchita:&nbsp; Yo cre\u00ed que te hab\u00edas olvidado ya de m\u00ed, y no esperaba carta, cuando me lleg\u00f3 tu<\/p>\n\t\t<\/div>\n\t\t\t\t\t<a class=\"elementor-post__read-more\" href=\"https:\/\/santateresadelosandes.org\/index.php\/2020\/07\/01\/06-a-carmen-de-castro-ortuzar-3-de-marzo-de-1916\/\" >\n\t\t\t\tSeguir leyendo \u00bb\t\t\t<\/a>\n\t\t\t\t<\/div>\n\t\t\t\t\t<\/div>\n\t\t<\/article>\n\t\t\t\t<article class=\"elementor-post elementor-grid-item post-146 post type-post status-publish format-standard has-post-thumbnail hentry category-ano-1916-cartas category-cartas\">\n\t\t\t<div class=\"elementor-post__card\">\n\t\t\t\t<div class=\"elementor-post__text\">\n\t\t\t\t<h3 class=\"elementor-post__title\">\n\t\t\t<a href=\"https:\/\/santateresadelosandes.org\/index.php\/2020\/07\/01\/07-a-carmen-de-castro-ortuzar-23-de-marzo-de-1916\/\" >\n\t\t\t\t07. A Carmen de Castro Ort\u00fazar 23 de marzo de 1916\t\t\t<\/a>\n\t\t<\/h3>\n\t\t\t\t<div class=\"elementor-post__excerpt\">\n\t\t\t<p>Maestranza, marzo 23 de 1916&nbsp; Se\u00f1orita Carmen de Castro O.&nbsp; Mi querida Carmencita:&nbsp; El domingo supe en el sal\u00f3n la muerte de la Oreana, y<\/p>\n\t\t<\/div>\n\t\t\t\t\t<a class=\"elementor-post__read-more\" href=\"https:\/\/santateresadelosandes.org\/index.php\/2020\/07\/01\/07-a-carmen-de-castro-ortuzar-23-de-marzo-de-1916\/\" >\n\t\t\t\tSeguir leyendo \u00bb\t\t\t<\/a>\n\t\t\t\t<\/div>\n\t\t\t\t\t<\/div>\n\t\t<\/article>\n\t\t\t\t<article class=\"elementor-post elementor-grid-item post-148 post type-post status-publish format-standard has-post-thumbnail hentry category-ano-1916-cartas category-cartas\">\n\t\t\t<div class=\"elementor-post__card\">\n\t\t\t\t<div class=\"elementor-post__text\">\n\t\t\t\t<h3 class=\"elementor-post__title\">\n\t\t\t<a href=\"https:\/\/santateresadelosandes.org\/index.php\/2020\/07\/01\/08-a-teresa-jaraquemada-astaburuaga-29-de-marzo-de-1916\/\" >\n\t\t\t\t08. A Teresa Jaraquemada Astaburuaga 29 de marzo de 1916\t\t\t<\/a>\n\t\t<\/h3>\n\t\t\t\t<div class=\"elementor-post__excerpt\">\n\t\t\t<p>Maestranza, marzo 29 de 1916&nbsp; Se\u00f1orita Teresa Jaraquemada&nbsp; Mi querida M. Teresa:&nbsp; Qu\u00e9 sorpresa tan agradable nos trajo tu cartita. Veo que a lo menos<\/p>\n\t\t<\/div>\n\t\t\t\t\t<a class=\"elementor-post__read-more\" href=\"https:\/\/santateresadelosandes.org\/index.php\/2020\/07\/01\/08-a-teresa-jaraquemada-astaburuaga-29-de-marzo-de-1916\/\" >\n\t\t\t\tSeguir leyendo \u00bb\t\t\t<\/a>\n\t\t\t\t<\/div>\n\t\t\t\t\t<\/div>\n\t\t<\/article>\n\t\t\t\t<article class=\"elementor-post elementor-grid-item post-150 post type-post status-publish format-standard has-post-thumbnail hentry category-ano-1916-cartas category-cartas\">\n\t\t\t<div class=\"elementor-post__card\">\n\t\t\t\t<div class=\"elementor-post__text\">\n\t\t\t\t<h3 class=\"elementor-post__title\">\n\t\t\t<a href=\"https:\/\/santateresadelosandes.org\/index.php\/2020\/07\/01\/09-a-carmen-de-castro-ortuzar\/\" >\n\t\t\t\t09. A Carmen De Castro Ort\u00fazar\t\t\t<\/a>\n\t\t<\/h3>\n\t\t\t\t<div class=\"elementor-post__excerpt\">\n\t\t\t<p>Mi querida Carmen:&nbsp; Estoy loca de gusto de poderte escribir sin estar custodiada por monjas que, aunque son muy buenas, no dejan mucha libertad.&nbsp; Si<\/p>\n\t\t<\/div>\n\t\t\t\t\t<a class=\"elementor-post__read-more\" href=\"https:\/\/santateresadelosandes.org\/index.php\/2020\/07\/01\/09-a-carmen-de-castro-ortuzar\/\" >\n\t\t\t\tSeguir leyendo \u00bb\t\t\t<\/a>\n\t\t\t\t<\/div>\n\t\t\t\t\t<\/div>\n\t\t<\/article>\n\t\t\t\t<article class=\"elementor-post elementor-grid-item post-152 post type-post status-publish format-standard has-post-thumbnail hentry category-ano-1917-cartas category-cartas\">\n\t\t\t<div class=\"elementor-post__card\">\n\t\t\t\t<div class=\"elementor-post__text\">\n\t\t\t\t<h3 class=\"elementor-post__title\">\n\t\t\t<a href=\"https:\/\/santateresadelosandes.org\/index.php\/2020\/07\/01\/10-a-carmen-de-castro-ortuzar-17-de-enero-de-1917\/\" >\n\t\t\t\t10. A Carmen de Castro Ort\u00fazar 17 de enero de 1917\t\t\t<\/a>\n\t\t<\/h3>\n\t\t\t\t<div class=\"elementor-post__excerpt\">\n\t\t\t<p>Chacabuco, 17 de enero de 1917&nbsp; Se\u00f1orita Carmen De Castro Ort\u00fazar&nbsp; Mi querida Carmencita:&nbsp; Acabo de recibir tu tarjetita, y me pongo a contest\u00e1rtela inmediatamente,<\/p>\n\t\t<\/div>\n\t\t\t\t\t<a class=\"elementor-post__read-more\" href=\"https:\/\/santateresadelosandes.org\/index.php\/2020\/07\/01\/10-a-carmen-de-castro-ortuzar-17-de-enero-de-1917\/\" >\n\t\t\t\tSeguir leyendo \u00bb\t\t\t<\/a>\n\t\t\t\t<\/div>\n\t\t\t\t\t<\/div>\n\t\t<\/article>\n\t\t\t\t<article class=\"elementor-post elementor-grid-item post-154 post type-post status-publish format-standard has-post-thumbnail hentry category-ano-1917-cartas category-cartas\">\n\t\t\t<div class=\"elementor-post__card\">\n\t\t\t\t<div class=\"elementor-post__text\">\n\t\t\t\t<h3 class=\"elementor-post__title\">\n\t\t\t<a href=\"https:\/\/santateresadelosandes.org\/index.php\/2020\/07\/01\/11-a-carmen-de-castro-ortuzar-4-de-febrero-de-1917\/\" >\n\t\t\t\t11. A Carmen de Castro Ort\u00fazar 4 de febrero de 1917\t\t\t<\/a>\n\t\t<\/h3>\n\t\t\t\t<div class=\"elementor-post__excerpt\">\n\t\t\t<p>Chacabuco, 4 de febrero de 1917&nbsp; Se\u00f1orita Carmen De Castro O.&nbsp; Mi querida Carmenchita:&nbsp; Antes de empezar mi carta, quiero ponerme a tus pies y<\/p>\n\t\t<\/div>\n\t\t\t\t\t<a class=\"elementor-post__read-more\" href=\"https:\/\/santateresadelosandes.org\/index.php\/2020\/07\/01\/11-a-carmen-de-castro-ortuzar-4-de-febrero-de-1917\/\" >\n\t\t\t\tSeguir leyendo \u00bb\t\t\t<\/a>\n\t\t\t\t<\/div>\n\t\t\t\t\t<\/div>\n\t\t<\/article>\n\t\t\t\t<article class=\"elementor-post elementor-grid-item post-156 post type-post status-publish format-standard has-post-thumbnail hentry category-ano-1917-cartas category-cartas\">\n\t\t\t<div class=\"elementor-post__card\">\n\t\t\t\t<div class=\"elementor-post__text\">\n\t\t\t\t<h3 class=\"elementor-post__title\">\n\t\t\t<a href=\"https:\/\/santateresadelosandes.org\/index.php\/2020\/07\/01\/12-a-graciela-montes-larrain\/\" >\n\t\t\t\t12. A Graciela Montes Larra\u00edn\t\t\t<\/a>\n\t\t<\/h3>\n\t\t\t\t<div class=\"elementor-post__excerpt\">\n\t\t\t<p>Querida Chelita:&nbsp; El otro d\u00eda no te lo dije, porque me daba verg\u00fcenza y no pod\u00eda, pero me decid\u00ed a dec\u00edrtelo, y es que yo<\/p>\n\t\t<\/div>\n\t\t\t\t\t<a class=\"elementor-post__read-more\" href=\"https:\/\/santateresadelosandes.org\/index.php\/2020\/07\/01\/12-a-graciela-montes-larrain\/\" >\n\t\t\t\tSeguir leyendo \u00bb\t\t\t<\/a>\n\t\t\t\t<\/div>\n\t\t\t\t\t<\/div>\n\t\t<\/article>\n\t\t\t\t<\/div>\n\n\n\t\t\n\t\t\t\t<div class=\"e-load-more-anchor\" data-page=\"1\" data-max-page=\"14\"><\/div>\n\t\t\t\t<nav class=\"elementor-pagination\" role=\"navigation\" aria-label=\"Pagination\">\n\t\t\t<span class=\"page-numbers prev\">&laquo; Anterior<\/span>\n<span aria-current=\"page\" class=\"page-numbers current\"><span class=\"elementor-screen-only\">Page<\/span>1<\/span>\n<a class=\"page-numbers\" href=\"https:\/\/santateresadelosandes.org\/index.php\/wp-json\/wp\/v2\/pages\/18\/page\/2\/\"><span class=\"elementor-screen-only\">Page<\/span>2<\/a>\n<a class=\"page-numbers\" href=\"https:\/\/santateresadelosandes.org\/index.php\/wp-json\/wp\/v2\/pages\/18\/page\/3\/\"><span class=\"elementor-screen-only\">Page<\/span>3<\/a>\n<a class=\"page-numbers\" href=\"https:\/\/santateresadelosandes.org\/index.php\/wp-json\/wp\/v2\/pages\/18\/page\/4\/\"><span class=\"elementor-screen-only\">Page<\/span>4<\/a>\n<a class=\"page-numbers\" href=\"https:\/\/santateresadelosandes.org\/index.php\/wp-json\/wp\/v2\/pages\/18\/page\/5\/\"><span class=\"elementor-screen-only\">Page<\/span>5<\/a>\n<a class=\"page-numbers\" href=\"https:\/\/santateresadelosandes.org\/index.php\/wp-json\/wp\/v2\/pages\/18\/page\/6\/\"><span class=\"elementor-screen-only\">Page<\/span>6<\/a>\n<a class=\"page-numbers\" href=\"https:\/\/santateresadelosandes.org\/index.php\/wp-json\/wp\/v2\/pages\/18\/page\/7\/\"><span class=\"elementor-screen-only\">Page<\/span>7<\/a>\n<a class=\"page-numbers\" href=\"https:\/\/santateresadelosandes.org\/index.php\/wp-json\/wp\/v2\/pages\/18\/page\/8\/\"><span class=\"elementor-screen-only\">Page<\/span>8<\/a>\n<a class=\"page-numbers\" href=\"https:\/\/santateresadelosandes.org\/index.php\/wp-json\/wp\/v2\/pages\/18\/page\/9\/\"><span class=\"elementor-screen-only\">Page<\/span>9<\/a>\n<a class=\"page-numbers\" href=\"https:\/\/santateresadelosandes.org\/index.php\/wp-json\/wp\/v2\/pages\/18\/page\/10\/\"><span class=\"elementor-screen-only\">Page<\/span>10<\/a>\n<a class=\"page-numbers\" href=\"https:\/\/santateresadelosandes.org\/index.php\/wp-json\/wp\/v2\/pages\/18\/page\/11\/\"><span class=\"elementor-screen-only\">Page<\/span>11<\/a>\n<a class=\"page-numbers\" href=\"https:\/\/santateresadelosandes.org\/index.php\/wp-json\/wp\/v2\/pages\/18\/page\/12\/\"><span class=\"elementor-screen-only\">Page<\/span>12<\/a>\n<a class=\"page-numbers\" href=\"https:\/\/santateresadelosandes.org\/index.php\/wp-json\/wp\/v2\/pages\/18\/page\/13\/\"><span class=\"elementor-screen-only\">Page<\/span>13<\/a>\n<a class=\"page-numbers\" href=\"https:\/\/santateresadelosandes.org\/index.php\/wp-json\/wp\/v2\/pages\/18\/page\/14\/\"><span class=\"elementor-screen-only\">Page<\/span>14<\/a>\n<a class=\"page-numbers next\" href=\"https:\/\/santateresadelosandes.org\/index.php\/wp-json\/wp\/v2\/pages\/18\/page\/2\/\">Siguiente &raquo;<\/a>\t\t<\/nav>\n\t\t\t\t<\/div>\n\t\t\t\t<\/div>\n\t\t\t\t\t\t<\/div>\n\t\t\t\t\t<\/div>\n\t\t<\/div>\n\t\t\t\t\t\t\t\t<\/div>\n\t\t\t\t\t<\/div>\n\t\t<\/section>\n\t\t\t\t\t\t<\/div>\n\t\t\t\t\t<\/div>\n\t\t<\/div>\n\t\t\t\t\t\t\t\t<\/div>\n\t\t\t\t\t<\/div>\n\t\t<\/section>\n\t\t\t\t\t\t<\/div>\n\t\t\t\t\t\t<\/div>\n\t\t\t\t\t<\/div>\n\t\t","protected":false},"excerpt":{"rendered":"<p>Cartas de Santa Teresa de los Andes a diversos destinatarios, ordenadas por fecha.<\/p>\n","protected":false},"author":1,"featured_media":0,"parent":0,"menu_order":0,"comment_status":"closed","ping_status":"closed","template":"elementor_header_footer","meta":[],"_links":{"self":[{"href":"https:\/\/santateresadelosandes.org\/index.php\/wp-json\/wp\/v2\/pages\/18"}],"collection":[{"href":"https:\/\/santateresadelosandes.org\/index.php\/wp-json\/wp\/v2\/pages"}],"about":[{"href":"https:\/\/santateresadelosandes.org\/index.php\/wp-json\/wp\/v2\/types\/page"}],"author":[{"embeddable":true,"href":"https:\/\/santateresadelosandes.org\/index.php\/wp-json\/wp\/v2\/users\/1"}],"replies":[{"embeddable":true,"href":"https:\/\/santateresadelosandes.org\/index.php\/wp-json\/wp\/v2\/comments?post=18"}],"version-history":[{"count":12,"href":"https:\/\/santateresadelosandes.org\/index.php\/wp-json\/wp\/v2\/pages\/18\/revisions"}],"predecessor-version":[{"id":1037,"href":"https:\/\/santateresadelosandes.org\/index.php\/wp-json\/wp\/v2\/pages\/18\/revisions\/1037"}],"wp:attachment":[{"href":"https:\/\/santateresadelosandes.org\/index.php\/wp-json\/wp\/v2\/media?parent=18"}],"curies":[{"name":"wp","href":"https:\/\/api.w.org\/{rel}","templated":true}]}}